{"id":525,"date":"2024-09-04T23:59:00","date_gmt":"2024-09-04T23:59:00","guid":{"rendered":"https:\/\/espazolecermariamiramontes.santiagodecompostela.gal\/?page_id=525"},"modified":"2025-09-29T17:23:43","modified_gmt":"2025-09-29T16:23:43","slug":"espazo-de-lecer-periodo-lectivo","status":"publish","type":"page","link":"https:\/\/espazolecermariamiramontes.santiagodecompostela.gal\/?page_id=525","title":{"rendered":"Per\u00edodo lectivo 2025\/2026"},"content":{"rendered":"\n<p>O Espazo Educativo e de Lecer Mar\u00eda Miramontes ofrece unha alternativa de conciliaci\u00f3n durante o per\u00edodo lectivo 2025\/2026 para todos os nenos e nenas da cidade de Santiago.<\/p>\n\n\n\n<p><strong>POBOACI\u00d3N DESTINATARIA<\/strong>:<br>Nenos e nenas empadroados ou que estean matriculados nun centro de ensino no municipio de Santiago de Compostela. O centro disp\u00f3n dun total de 73 prazas autorizadas pola secretar\u00eda t\u00e9cnica de Pol\u00edtica Social da Xunta de Galicia.<\/p>\n\n\n\n<figure class=\"wp-block-table\"><table class=\"has-fixed-layout\"><tbody><tr><td>Tramo de idades<\/td><td>Unidades<\/td><td>Capacidade m\u00e1xima<\/td><\/tr><tr><td>2* &#8211; 3** anos<\/td><td>1<\/td><td>20 prazas<\/td><\/tr><tr><td>4 &#8211; 6 anos<\/td><td>1<\/td><td>30 prazas<\/td><\/tr><tr><td>7 &#8211; 12 anos<\/td><td>1<\/td><td>23 prazas<\/td><\/tr><\/tbody><\/table><\/figure>\n\n\n\n<p><sub>*nenos e nenas de 2 anos acompa\u00f1ados dunha persoa adulta autorizada.<br>**nos per\u00edodos non lectivos o servizo ofertarase a partir de 3 anos escolarizados.<\/sub><\/p>\n\n\n\n<p><br>As prazas, as idades e a distribuci\u00f3n dos grupos por idades poden sufrir variaci\u00f3ns condicionadas polas directrices establecidas pola Conseller\u00eda de Pol\u00edtica Social da Xunta de Galicia.<br>Este equipamento est\u00e1 pensado para responder \u00e1s necesidades da cidadan\u00eda e garantir o seu dereito a utilizalas. \u00c9 por iso que o acceso aos seus servizos debe combinar un sistema de rotaci\u00f3n e xesti\u00f3n da lista de agarda para permitir o uso e desfrute do maior n\u00famero de nenos e nenas posible. As persoas solicitantes deber\u00e1n ter tramitada a <a href=\"https:\/\/espazolecermariamiramontes.santiagodecompostela.gal\/?page_id=254\">solicitude de alta.<\/a><\/p>\n\n\n\n<p><strong>DISTRIBUCI\u00d3N DOS GRUPOS<\/strong>:<\/p>\n\n\n\n<p><strong>Bebeteca <\/strong>(nados no 2023 e 2022)<strong>:<\/strong><\/p>\n\n\n\n<ul class=\"wp-block-list\">\n<li>Quendas de 1 hora e 30 minutos.<\/li>\n\n\n\n<li>Quendas diferenciadas para nenos e nenas nados no 2022 e no 2023.<\/li>\n\n\n\n<li>Nenos e nenas de 2 anos acompa\u00f1ados dun\/ha titor\/a legal.<\/li>\n\n\n\n<li>Distribuci\u00f3n das quendas:<\/li>\n\n\n\n<li>1\u00aa quenda: 16.30 h &#8211; 18.00h. 2\u00aa quenda: 18.00 h &#8211; 19:30h.<\/li>\n<\/ul>\n\n\n\n<figure class=\"wp-block-table is-style-regular\"><table class=\"has-fixed-layout\"><tbody><tr><td>QUENDAS<\/td><td>LUNS<\/td><td>MARTES&nbsp;<\/td><td>M\u00c9RCORES<\/td><td>XOVES<\/td><td>VENRES<\/td><\/tr><tr><td>16:30 &#8211; 18:00<\/td><td>2023<\/td><td>2022<\/td><td>2023<\/td><td>2022<\/td><td>2023<\/td><\/tr><tr><td>18:00 &#8211; 19:30<\/td><td>2022<\/td><td>2023<\/td><td>2022<\/td><td>2023<\/td><td>2022<\/td><\/tr><\/tbody><\/table><\/figure>\n\n\n\n<p><\/p>\n\n\n\n<p><strong>Pequeteca <\/strong>(nados no 2021, 2020 e 2019)<strong>:&nbsp;<\/strong><\/p>\n\n\n\n<ul class=\"wp-block-list\">\n<li>Quendas de 2 horas.&nbsp;<\/li>\n\n\n\n<li>Distribuci\u00f3n das quendas:&nbsp;<\/li>\n\n\n\n<li>1\u00aa quenda: 16.00 h &#8211; 18.00 h. 2\u00aa quenda: 18.00 h &#8211; 20.00 h.<\/li>\n<\/ul>\n\n\n\n<p><strong>Maiorteca (<\/strong>nados en 2018, 2017, 2016, 2015, 2014 e 2013 (ata cumprir 13 anos)<strong>:&nbsp;<\/strong><\/p>\n\n\n\n<ul class=\"wp-block-list\">\n<li>Quendas de 2 horas.&nbsp;<\/li>\n\n\n\n<li>Distribuci\u00f3n das quendas:&nbsp;<\/li>\n\n\n\n<li>1\u00aa quenda: 16.00 h &#8211; 18.00 h. 2\u00aa quenda: 18.00 h &#8211; 20.00 h.<\/li>\n<\/ul>\n\n\n\n<p>Para facilitar a participaci\u00f3n do maior n\u00famero de persoas, establ\u00e9cese o seguinte:<\/p>\n\n\n\n<ul class=\"wp-block-list\">\n<li>M\u00e1ximo 4 quendas semanais por persoa, ag\u00e1s que haxa prazas dispo\u00f1ibles noutras.<\/li>\n\n\n\n<li>Se hai m\u00e1is solicitantes que prazas en cada quenda, o centro asignar\u00e1 as prazas en funci\u00f3n dos criterios de prioridade que se sinalan no punto 5 do presente documento.&nbsp;<\/li>\n\n\n\n<li>Cada grupo e quenda ter\u00e1 ao menos 5 persoas usuarias. Se non \u00e9 o caso, a quenda queda pechada por falta de demanda suficiente.<\/li>\n\n\n\n<li>As quendas pechadas poder\u00e1n abrirse se, ao longo do curso, a demanda supera as 5 prazas m\u00ednimas.<\/li>\n\n\n\n<li>As quendas pechadas liberar\u00e1n os espazos para o uso libre das familias &#8211; sen persoal monitor- dentro da organizaci\u00f3n e quendas establecidas.&nbsp;<\/li>\n<\/ul>\n\n\n\n<p>O centro permitir\u00e1 a participaci\u00f3n espor\u00e1dica<strong> <\/strong>sempre e cando: estea de alta no servizo, haxa prazas libres na quenda de interese e avise por tel\u00e9fono ou mail antes do inicio da quenda. Esta participaci\u00f3n ten que axustarse aos horarios e prazas establecidas.<\/p>\n\n\n\n<p><strong>PRAZO DE SOLICITUDE PARA O PER\u00cdODO LECTIVO:<\/strong><\/p>\n\n\n\n<ul class=\"wp-block-list\">\n<li>Solicitude de praza: do 5\/09\/2025 ao 10\/09\/2025 (\u00e1mbolos dous inclusive).<\/li>\n\n\n\n<li>Listaxe de admitidos\/as 17\/09\/2025.<\/li>\n\n\n\n<li>Confirmaci\u00f3n de praza: do 18\/09\/2025 ao 20\/09\/2025.<\/li>\n\n\n\n<li>Inicio das actividades: 29\/09\/2025.<\/li>\n<\/ul>\n\n\n\n<p>Queda aberta a inscrici\u00f3n f\u00f3ra dos prazos establecidos, durante o resto do curso, unicamente co criterio de orde de entrada de solicitude na web do centro. A inscrici\u00f3n ser\u00e1 s\u00f3 para as quendas e prazas que queden dispo\u00f1ibles. As persoas que desexen facer uso do servizo deber\u00e1n facer a solicitude da s\u00faa praza cunha antelaci\u00f3n m\u00ednima de dous d\u00edas h\u00e1biles. A solicitude de praza non ter\u00e1 que ser renovada ata o inicio do seguinte curso escolar.<br><\/p>\n\n\n\n<p><strong>ASIGNACI\u00d3N DE PRAZAS<\/strong>:<\/p>\n\n\n\n<p>Durante todo o ano, este equipamento est\u00e1 pensado para responder \u00e1s necesidades de conciliaci\u00f3n das familias. \u00c9 por iso que o acceso aos seus servizos debe priorizar a aquelas que traballen ou que estean en tr\u00e1nsito do traballo a casa no horario de apertura do centro. Polo tanto \u00e9 imprescindible que as familias acrediten fiel e responsablemente as circunstancias laborais na\/s quenda\/s solicitadas.<\/p>\n\n\n\n<p><strong>CRITERIOS DE PRIORIDADE PARA A ASIGNACI\u00d3N DE PRAZAS<\/strong>:<\/p>\n\n\n\n<p>No caso de que houbera m\u00e1is solicitantes que prazas nas diferentes quendas ou programas \u00e9 preciso establecer orde de preferencia na asignaci\u00f3n entre aquelas persoas que est\u00e1n dadas de alta no servizo e presentaron a solicitude de participaci\u00f3n en calquera dos programas ofertados dentro dos prazos establecidos.&nbsp;<\/p>\n\n\n\n<p>Os criterios para a asignaci\u00f3n de prazas ordeados de maior a menor grao de prioridade son os seguintes:&nbsp;&nbsp;<\/p>\n\n\n\n<ol class=\"wp-block-list\">\n<li>V\u00edtimas de violencia de x\u00e9nero, co informe dos Servizos Socias, que traballen ou estean en tr\u00e1nsito do traballo a casa no horario de funcionamento do programa.<\/li>\n\n\n\n<li>Familias con nenos e nenas en acollida e nas que os\/as dous\/d\u00faas titores\/as legais traballen ou estean en tr\u00e1nsito do traballo a casa no horario de funcionamento do programa.<\/li>\n\n\n\n<li>Familias monoparentais que traballen ou estean en tr\u00e1nsito do traballo a casa no horario de funcionamento do programa.<\/li>\n\n\n\n<li>Familias nas que traballen os\/as dous\/d\u00faas titores\/as legais e ao menos un\/ha deles\/as estea traballando f\u00f3ra da comunidade aut\u00f3noma de Galicia no horario de funcionamento do programa.<\/li>\n\n\n\n<li>Familias con ao menos un\/ha titor\/a legal ou un fillo ou filla en situaci\u00f3n de dependencia.<\/li>\n\n\n\n<li>Familias con ao menos un\/ha titor\/a legal con discapacidade igual ou superior ao&nbsp; 65% e outro que traballe ou estea en tr\u00e1nsito do traballo a casa no horario de funcionamento d.o programa..<\/li>\n\n\n\n<li>Familias separadas ou divorciadas nas que o\/a titor\/a legal que te\u00f1a a custodia no momento da solicitude traballe ou estea en tr\u00e1nsito do traballo a casa no horario de funcionamento do programa.<\/li>\n\n\n\n<li>Familias numerosas cos\/as dous\/d\u00faas titores\/as legais que traballen ou estean en tr\u00e1nsito do traballo a casa no horario de funcionamento do programa.<\/li>\n\n\n\n<li>Familias cos\/coas dous\/d\u00faas titores\/as legais que traballen ou estean en tr\u00e1nsito do traballo a casa no horario de funcionamento do programa.<\/li>\n\n\n\n<li>Familias con ao menos un\/ha titor\/a legal en desemprego e outro que traballe ou estea en tr\u00e1nsito do traballo a casa no horario de funcionamento do programa.<\/li>\n<\/ol>\n\n\n\n<p>No caso de non ser suficiente cos criterios de prioridade para asignaci\u00f3n de praza, o centro:&nbsp;<\/p>\n\n\n\n<p>Dar\u00e1 prioridade as solicitudes das persoas usuarias con praza no per\u00edodo lectivo e que cumpran cos seguintes requisitos:<\/p>\n\n\n\n<ul class=\"wp-block-list\">\n<li>Ter adxudicada praza dende o inicio do per\u00edodo lectivo o 29\/09\/2025.<\/li>\n\n\n\n<li>Ter participado ao menos nun 80% do programa, ag\u00e1s faltas xustificadas.<\/li>\n<\/ul>\n\n\n\n<p>En relaci\u00f3n aos criterios de prioridade para a asignaci\u00f3n de prazas:<\/p>\n\n\n\n<p>As situaci\u00f3ns familiares descritas nos puntos 1, 2 ,3 ,4, 5, 6, 7 e 8 deber\u00e1n acreditar a s\u00faa situaci\u00f3n mediante a documentaci\u00f3n administrativa correspondente (certificado de monoparentalidade, informe de Servizos Sociais, informe m\u00e9dico, sentenza, etc.):<\/p>\n\n\n\n<ol class=\"wp-block-list\">\n<li>Aquelas persoas que traballen a quendas, te\u00f1an flexibilidade horaria ou sexan persoal docente ter\u00e1n que aportar un certificado de emprego actualizado no que indique o horario no que traballar\u00e1n durante as quendas desexadas. Non se ter\u00e1n en conta os certificados ou declaraci\u00f3ns xerais que non acrediten as circunstancias espec\u00edficas da familia nas quendas solicitadas.<\/li>\n\n\n\n<li>\u00c9 responsabilidade \u00fanica das persoas interesadas a entrega dos certificados e declaraci\u00f3ns de horario laboral actualizados.<\/li>\n\n\n\n<li>Aquelas familias que non precisen conciliar pero que desexen participar poder\u00e1n facelo se hai prazas baleiras.<\/li>\n\n\n\n<li>Para aplicar os criterios de prioridade nos catro per\u00edodos de \u201cVacaludos\u201d establecidos no apartado 5.1, ser\u00e1 preciso aportar un certificado de emprego por cada representante legal da unidade familiar. No certificado deber\u00e1 quedar acreditado obrigatoriamente que durante o periodo e quenda solicitada est\u00e1n traballando ou en tr\u00e1nsito.<\/li>\n\n\n\n<li>A falta de presentaci\u00f3n, coa solicitude, da documentaci\u00f3n acreditativa dos criterios para a asignaci\u00f3n de prazas (e que non constit\u00fae un requisito de acceso ao programa) non ser\u00e1 obxecto de emenda e non ser\u00e1 tida en conta para a asignaci\u00f3n de prazas.<\/li>\n\n\n\n<li>No caso de non acreditarse as situaci\u00f3ns anteriormente sinaladas, as solicitudes ir\u00e1n a sorteo p\u00fablico, en caso de ter que realizarse, en igualdade de condici\u00f3ns.&nbsp;<\/li>\n\n\n\n<li>As solicitudes que non aporten a documentaci\u00f3n precisa tramitaranse unha vez rematadas as solicitudes correctamente presentadas.<\/li>\n<\/ol>\n\n\n\n<figure class=\"wp-block-image size-large is-resized\"><img loading=\"lazy\" decoding=\"async\" width=\"724\" height=\"1024\" src=\"https:\/\/espazolecermariamiramontes.santiagodecompostela.gal\/wp-content\/uploads\/2025\/09\/HORARIOS-2526-724x1024.jpg\" alt=\"\" class=\"wp-image-2163\" style=\"width:840px;height:auto\" srcset=\"https:\/\/espazolecermariamiramontes.santiagodecompostela.gal\/wp-content\/uploads\/2025\/09\/HORARIOS-2526-724x1024.jpg 724w, https:\/\/espazolecermariamiramontes.santiagodecompostela.gal\/wp-content\/uploads\/2025\/09\/HORARIOS-2526-212x300.jpg 212w, https:\/\/espazolecermariamiramontes.santiagodecompostela.gal\/wp-content\/uploads\/2025\/09\/HORARIOS-2526-768x1086.jpg 768w, https:\/\/espazolecermariamiramontes.santiagodecompostela.gal\/wp-content\/uploads\/2025\/09\/HORARIOS-2526-1086x1536.jpg 1086w, https:\/\/espazolecermariamiramontes.santiagodecompostela.gal\/wp-content\/uploads\/2025\/09\/HORARIOS-2526-1024x1448.jpg 1024w, https:\/\/espazolecermariamiramontes.santiagodecompostela.gal\/wp-content\/uploads\/2025\/09\/HORARIOS-2526-764x1080.jpg 764w, https:\/\/espazolecermariamiramontes.santiagodecompostela.gal\/wp-content\/uploads\/2025\/09\/HORARIOS-2526.jpg 1414w\" sizes=\"auto, (max-width: 724px) 100vw, 724px\" \/><\/figure>\n\n\n\n<p>*<sup><sub>A programaci\u00f3n de actividades pode sufrir modificaci\u00f3ns.<\/sub><\/sup><\/p>\n\n\n\n<div class=\"wp-block-buttons is-content-justification-center is-layout-flex wp-container-core-buttons-is-layout-16018d1d wp-block-buttons-is-layout-flex\">\n<div class=\"wp-block-button is-style-fill\"><a class=\"wp-block-button__link has-vivid-cyan-blue-background-color has-background wp-element-button\" href=\"https:\/\/form.jotform.com\/212522806263046\">FORMULARIO DE SOLICITUDE DE PRAZA PARA O PER\u00cdODO LECTIVO<\/a><\/div>\n<\/div>\n\n\n\n<p><\/p>\n","protected":false},"excerpt":{"rendered":"<p>O Espazo Educativo e de Lecer Mar\u00eda Miramontes ofrece unha alternativa de conciliaci\u00f3n durante o per\u00edodo lectivo 2025\/2026 para todos os nenos e nenas da cidade de Santiago. POBOACI\u00d3N DESTINATARIA:Nenos e nenas empadroados ou que estean matriculados nun centro de ensino no municipio de Santiago de Compostela. O centro disp\u00f3n dun total de 73 prazas&hellip; <br \/> <a class=\"button small blue\" href=\"https:\/\/espazolecermariamiramontes.santiagodecompostela.gal\/?page_id=525\">Read more<\/a><\/p>\n","protected":false},"author":1,"featured_media":0,"parent":0,"menu_order":0,"comment_status":"closed","ping_status":"closed","template":"","meta":{"pgc_sgb_lightbox_settings":"","footnotes":""},"class_list":["post-525","page","type-page","status-publish","hentry"],"yoast_head":"<!-- This site is optimized with the Yoast SEO plugin v26.3 - https:\/\/yoast.com\/wordpress\/plugins\/seo\/ -->\n<title>Per\u00edodo lectivo 2025\/2026 - Espazo de Lecer Mar\u00eda Miramontes<\/title>\n<meta name=\"robots\" content=\"index, follow, max-snippet:-1, max-image-preview:large, max-video-preview:-1\" \/>\n<link rel=\"canonical\" href=\"https:\/\/espazolecermariamiramontes.santiagodecompostela.gal\/?page_id=525\" \/>\n<meta property=\"og:locale\" content=\"en_US\" \/>\n<meta property=\"og:type\" content=\"article\" \/>\n<meta property=\"og:title\" content=\"Per\u00edodo lectivo 2025\/2026 - Espazo de Lecer Mar\u00eda Miramontes\" \/>\n<meta property=\"og:description\" content=\"O Espazo Educativo e de Lecer Mar\u00eda Miramontes ofrece unha alternativa de conciliaci\u00f3n durante o per\u00edodo lectivo 2025\/2026 para todos os nenos e nenas da cidade de Santiago. POBOACI\u00d3N DESTINATARIA:Nenos e nenas empadroados ou que estean matriculados nun centro de ensino no municipio de Santiago de Compostela. O centro disp\u00f3n dun total de 73 prazas&hellip; Read more\" \/>\n<meta property=\"og:url\" content=\"https:\/\/espazolecermariamiramontes.santiagodecompostela.gal\/?page_id=525\" \/>\n<meta property=\"og:site_name\" content=\"Espazo de Lecer Mar\u00eda Miramontes\" \/>\n<meta property=\"article:publisher\" content=\"https:\/\/www.facebook.com\/Espazo-de-Lecer-Maria-Miramontes-110522278058870\/\" \/>\n<meta property=\"article:modified_time\" content=\"2025-09-29T16:23:43+00:00\" \/>\n<meta property=\"og:image\" content=\"https:\/\/espazolecermariamiramontes.santiagodecompostela.gal\/wp-content\/uploads\/2025\/09\/HORARIOS-2526.jpg\" \/>\n\t<meta property=\"og:image:width\" content=\"1414\" \/>\n\t<meta property=\"og:image:height\" content=\"2000\" \/>\n\t<meta property=\"og:image:type\" content=\"image\/jpeg\" \/>\n<meta name=\"twitter:card\" content=\"summary_large_image\" \/>\n<meta name=\"twitter:label1\" content=\"Est. reading time\" \/>\n\t<meta name=\"twitter:data1\" content=\"7 minutos\" \/>\n<script type=\"application\/ld+json\" class=\"yoast-schema-graph\">{\"@context\":\"https:\/\/schema.org\",\"@graph\":[{\"@type\":\"WebPage\",\"@id\":\"https:\/\/espazolecermariamiramontes.santiagodecompostela.gal\/?page_id=525\",\"url\":\"https:\/\/espazolecermariamiramontes.santiagodecompostela.gal\/?page_id=525\",\"name\":\"Per\u00edodo lectivo 2025\/2026 - Espazo de Lecer Mar\u00eda Miramontes\",\"isPartOf\":{\"@id\":\"https:\/\/espazolecermariamiramontes.santiagodecompostela.gal\/#website\"},\"primaryImageOfPage\":{\"@id\":\"https:\/\/espazolecermariamiramontes.santiagodecompostela.gal\/?page_id=525#primaryimage\"},\"image\":{\"@id\":\"https:\/\/espazolecermariamiramontes.santiagodecompostela.gal\/?page_id=525#primaryimage\"},\"thumbnailUrl\":\"https:\/\/espazolecermariamiramontes.santiagodecompostela.gal\/wp-content\/uploads\/2025\/09\/HORARIOS-2526-724x1024.jpg\",\"datePublished\":\"2024-09-04T23:59:00+00:00\",\"dateModified\":\"2025-09-29T16:23:43+00:00\",\"breadcrumb\":{\"@id\":\"https:\/\/espazolecermariamiramontes.santiagodecompostela.gal\/?page_id=525#breadcrumb\"},\"inLanguage\":\"es\",\"potentialAction\":[{\"@type\":\"ReadAction\",\"target\":[\"https:\/\/espazolecermariamiramontes.santiagodecompostela.gal\/?page_id=525\"]}]},{\"@type\":\"ImageObject\",\"inLanguage\":\"es\",\"@id\":\"https:\/\/espazolecermariamiramontes.santiagodecompostela.gal\/?page_id=525#primaryimage\",\"url\":\"https:\/\/espazolecermariamiramontes.santiagodecompostela.gal\/wp-content\/uploads\/2025\/09\/HORARIOS-2526.jpg\",\"contentUrl\":\"https:\/\/espazolecermariamiramontes.santiagodecompostela.gal\/wp-content\/uploads\/2025\/09\/HORARIOS-2526.jpg\",\"width\":1414,\"height\":2000},{\"@type\":\"BreadcrumbList\",\"@id\":\"https:\/\/espazolecermariamiramontes.santiagodecompostela.gal\/?page_id=525#breadcrumb\",\"itemListElement\":[{\"@type\":\"ListItem\",\"position\":1,\"name\":\"Home\",\"item\":\"https:\/\/espazolecermariamiramontes.santiagodecompostela.gal\/\"},{\"@type\":\"ListItem\",\"position\":2,\"name\":\"Per\u00edodo lectivo 2025\/2026\"}]},{\"@type\":\"WebSite\",\"@id\":\"https:\/\/espazolecermariamiramontes.santiagodecompostela.gal\/#website\",\"url\":\"https:\/\/espazolecermariamiramontes.santiagodecompostela.gal\/\",\"name\":\"Espazo de Lecer Mar\u00eda Miramontes\",\"description\":\"Espazo no que se promove a aprendizaxe a trav\u00e9s do xogo\",\"publisher\":{\"@id\":\"https:\/\/espazolecermariamiramontes.santiagodecompostela.gal\/#organization\"},\"potentialAction\":[{\"@type\":\"SearchAction\",\"target\":{\"@type\":\"EntryPoint\",\"urlTemplate\":\"https:\/\/espazolecermariamiramontes.santiagodecompostela.gal\/?s={search_term_string}\"},\"query-input\":{\"@type\":\"PropertyValueSpecification\",\"valueRequired\":true,\"valueName\":\"search_term_string\"}}],\"inLanguage\":\"es\"},{\"@type\":\"Organization\",\"@id\":\"https:\/\/espazolecermariamiramontes.santiagodecompostela.gal\/#organization\",\"name\":\"Espazo de Lecer Mar\u00eda Miramontes\",\"url\":\"https:\/\/espazolecermariamiramontes.santiagodecompostela.gal\/\",\"logo\":{\"@type\":\"ImageObject\",\"inLanguage\":\"es\",\"@id\":\"https:\/\/espazolecermariamiramontes.santiagodecompostela.gal\/#\/schema\/logo\/image\/\",\"url\":\"https:\/\/espazolecermariamiramontes.santiagodecompostela.gal\/wp-content\/uploads\/2021\/09\/logoConcellonegroDE.png\",\"contentUrl\":\"https:\/\/espazolecermariamiramontes.santiagodecompostela.gal\/wp-content\/uploads\/2021\/09\/logoConcellonegroDE.png\",\"width\":613,\"height\":847,\"caption\":\"Espazo de Lecer Mar\u00eda Miramontes\"},\"image\":{\"@id\":\"https:\/\/espazolecermariamiramontes.santiagodecompostela.gal\/#\/schema\/logo\/image\/\"},\"sameAs\":[\"https:\/\/www.facebook.com\/Espazo-de-Lecer-Maria-Miramontes-110522278058870\/\",\"https:\/\/www.instagram.com\/espazodelecermariamiramontes\/\"]}]}<\/script>\n<!-- \/ Yoast SEO plugin. -->","yoast_head_json":{"title":"Per\u00edodo lectivo 2025\/2026 - Espazo de Lecer Mar\u00eda Miramontes","robots":{"index":"index","follow":"follow","max-snippet":"max-snippet:-1","max-image-preview":"max-image-preview:large","max-video-preview":"max-video-preview:-1"},"canonical":"https:\/\/espazolecermariamiramontes.santiagodecompostela.gal\/?page_id=525","og_locale":"en_US","og_type":"article","og_title":"Per\u00edodo lectivo 2025\/2026 - Espazo de Lecer Mar\u00eda Miramontes","og_description":"O Espazo Educativo e de Lecer Mar\u00eda Miramontes ofrece unha alternativa de conciliaci\u00f3n durante o per\u00edodo lectivo 2025\/2026 para todos os nenos e nenas da cidade de Santiago. POBOACI\u00d3N DESTINATARIA:Nenos e nenas empadroados ou que estean matriculados nun centro de ensino no municipio de Santiago de Compostela. O centro disp\u00f3n dun total de 73 prazas&hellip; Read more","og_url":"https:\/\/espazolecermariamiramontes.santiagodecompostela.gal\/?page_id=525","og_site_name":"Espazo de Lecer Mar\u00eda Miramontes","article_publisher":"https:\/\/www.facebook.com\/Espazo-de-Lecer-Maria-Miramontes-110522278058870\/","article_modified_time":"2025-09-29T16:23:43+00:00","og_image":[{"width":1414,"height":2000,"url":"https:\/\/espazolecermariamiramontes.santiagodecompostela.gal\/wp-content\/uploads\/2025\/09\/HORARIOS-2526.jpg","type":"image\/jpeg"}],"twitter_card":"summary_large_image","twitter_misc":{"Est. reading time":"7 minutos"},"schema":{"@context":"https:\/\/schema.org","@graph":[{"@type":"WebPage","@id":"https:\/\/espazolecermariamiramontes.santiagodecompostela.gal\/?page_id=525","url":"https:\/\/espazolecermariamiramontes.santiagodecompostela.gal\/?page_id=525","name":"Per\u00edodo lectivo 2025\/2026 - Espazo de Lecer Mar\u00eda Miramontes","isPartOf":{"@id":"https:\/\/espazolecermariamiramontes.santiagodecompostela.gal\/#website"},"primaryImageOfPage":{"@id":"https:\/\/espazolecermariamiramontes.santiagodecompostela.gal\/?page_id=525#primaryimage"},"image":{"@id":"https:\/\/espazolecermariamiramontes.santiagodecompostela.gal\/?page_id=525#primaryimage"},"thumbnailUrl":"https:\/\/espazolecermariamiramontes.santiagodecompostela.gal\/wp-content\/uploads\/2025\/09\/HORARIOS-2526-724x1024.jpg","datePublished":"2024-09-04T23:59:00+00:00","dateModified":"2025-09-29T16:23:43+00:00","breadcrumb":{"@id":"https:\/\/espazolecermariamiramontes.santiagodecompostela.gal\/?page_id=525#breadcrumb"},"inLanguage":"es","potentialAction":[{"@type":"ReadAction","target":["https:\/\/espazolecermariamiramontes.santiagodecompostela.gal\/?page_id=525"]}]},{"@type":"ImageObject","inLanguage":"es","@id":"https:\/\/espazolecermariamiramontes.santiagodecompostela.gal\/?page_id=525#primaryimage","url":"https:\/\/espazolecermariamiramontes.santiagodecompostela.gal\/wp-content\/uploads\/2025\/09\/HORARIOS-2526.jpg","contentUrl":"https:\/\/espazolecermariamiramontes.santiagodecompostela.gal\/wp-content\/uploads\/2025\/09\/HORARIOS-2526.jpg","width":1414,"height":2000},{"@type":"BreadcrumbList","@id":"https:\/\/espazolecermariamiramontes.santiagodecompostela.gal\/?page_id=525#breadcrumb","itemListElement":[{"@type":"ListItem","position":1,"name":"Home","item":"https:\/\/espazolecermariamiramontes.santiagodecompostela.gal\/"},{"@type":"ListItem","position":2,"name":"Per\u00edodo lectivo 2025\/2026"}]},{"@type":"WebSite","@id":"https:\/\/espazolecermariamiramontes.santiagodecompostela.gal\/#website","url":"https:\/\/espazolecermariamiramontes.santiagodecompostela.gal\/","name":"Espazo de Lecer Mar\u00eda Miramontes","description":"Espazo no que se promove a aprendizaxe a trav\u00e9s do xogo","publisher":{"@id":"https:\/\/espazolecermariamiramontes.santiagodecompostela.gal\/#organization"},"potentialAction":[{"@type":"SearchAction","target":{"@type":"EntryPoint","urlTemplate":"https:\/\/espazolecermariamiramontes.santiagodecompostela.gal\/?s={search_term_string}"},"query-input":{"@type":"PropertyValueSpecification","valueRequired":true,"valueName":"search_term_string"}}],"inLanguage":"es"},{"@type":"Organization","@id":"https:\/\/espazolecermariamiramontes.santiagodecompostela.gal\/#organization","name":"Espazo de Lecer Mar\u00eda Miramontes","url":"https:\/\/espazolecermariamiramontes.santiagodecompostela.gal\/","logo":{"@type":"ImageObject","inLanguage":"es","@id":"https:\/\/espazolecermariamiramontes.santiagodecompostela.gal\/#\/schema\/logo\/image\/","url":"https:\/\/espazolecermariamiramontes.santiagodecompostela.gal\/wp-content\/uploads\/2021\/09\/logoConcellonegroDE.png","contentUrl":"https:\/\/espazolecermariamiramontes.santiagodecompostela.gal\/wp-content\/uploads\/2021\/09\/logoConcellonegroDE.png","width":613,"height":847,"caption":"Espazo de Lecer Mar\u00eda Miramontes"},"image":{"@id":"https:\/\/espazolecermariamiramontes.santiagodecompostela.gal\/#\/schema\/logo\/image\/"},"sameAs":["https:\/\/www.facebook.com\/Espazo-de-Lecer-Maria-Miramontes-110522278058870\/","https:\/\/www.instagram.com\/espazodelecermariamiramontes\/"]}]}},"_links":{"self":[{"href":"https:\/\/espazolecermariamiramontes.santiagodecompostela.gal\/index.php?rest_route=\/wp\/v2\/pages\/525","targetHints":{"allow":["GET"]}}],"collection":[{"href":"https:\/\/espazolecermariamiramontes.santiagodecompostela.gal\/index.php?rest_route=\/wp\/v2\/pages"}],"about":[{"href":"https:\/\/espazolecermariamiramontes.santiagodecompostela.gal\/index.php?rest_route=\/wp\/v2\/types\/page"}],"author":[{"embeddable":true,"href":"https:\/\/espazolecermariamiramontes.santiagodecompostela.gal\/index.php?rest_route=\/wp\/v2\/users\/1"}],"replies":[{"embeddable":true,"href":"https:\/\/espazolecermariamiramontes.santiagodecompostela.gal\/index.php?rest_route=%2Fwp%2Fv2%2Fcomments&post=525"}],"version-history":[{"count":57,"href":"https:\/\/espazolecermariamiramontes.santiagodecompostela.gal\/index.php?rest_route=\/wp\/v2\/pages\/525\/revisions"}],"predecessor-version":[{"id":2215,"href":"https:\/\/espazolecermariamiramontes.santiagodecompostela.gal\/index.php?rest_route=\/wp\/v2\/pages\/525\/revisions\/2215"}],"wp:attachment":[{"href":"https:\/\/espazolecermariamiramontes.santiagodecompostela.gal\/index.php?rest_route=%2Fwp%2Fv2%2Fmedia&parent=525"}],"curies":[{"name":"wp","href":"https:\/\/api.w.org\/{rel}","templated":true}]}}